1 (base 5) to base 4.
-23030
1100200121 (base 3) to base 6
323454
Convert -d06 (base 14) to base 2.
-100111111010
-286 (base 16) to base 10
-646
Convert 3021013 (base 4) to base 3.
122122201
What is 110000101011 (base 2) in base 11?
2382
Convert 10122222 (base 3) to base 5.
41142
What is -7086 (base 9) in base 8?
-12075
What is -672 (base 11) in base 8?
-1445
1124 (base 8) to base 4
21110
Convert -103545 (base 7) to base 11.
-12678
What is b38 (base 15) in base 14?
cc8
What is 408 (base 10) in base 15?
1c3
300204 (base 5) to base 3
110221020
Convert -10001001010110 (base 2) to base 15.
-2910
Convert 650 (base 15) to base 4.
112101
What is 141146 (base 7) in base 4?
12203111
2423 (base 10) to base 4
211313
-135 (base 16) to base 2
-100110101
-361a (base 14) to base 8
-22330
-65b3 (base 15) to base 3
-1002112220
-21112 (base 3) to base 7
-410
Convert -145540 (base 7) to base 11.
-1a378
149a (base 12) to base 16
976
210000 (base 6) to base 2
100000111010000
Convert 11065 (base 9) to base 3.
101002012
-174 (base 13) to base 10
-264
What is 1001111 (base 3) in base 16?
301
What is -50023 (base 7) in base 12?
-6b5a
Convert -113440 (base 5) to base 12.
-2559
-630 (base 16) to base 6
-11200
What is -230 (base 4) in base 6?
-112
What is -8ba (base 13) in base 4?
-113201
What is -2075 (base 11) in base 15?
-c2e
Convert -2233 (base 5) to base 2.
-100111110
-2c31 (base 16) to base 6
-124213
Convert -134e (base 15) to base 9.
-5582
125403 (base 6) to base 16
2d4b
Convert -13a8d (base 15) to base 12.
-30651
What is -1001101011101 (base 2) in base 12?
-2a51
1b059 (base 13) to base 16
ce42
Convert -298 (base 16) to base 5.
-10124
Convert -217 (base 16) to base 15.
-25a
What is -2312232 (base 4) in base 15?
-36e9
What is -11111 (base 4) in base 7?
-665
What is -113632 (base 7) in base 11?
-14496
Convert 1032 (base 6) to base 11.
1a5
What is 2041334 (base 5) in base 3?
1201121010
5357 (base 8) to base 4
223233
What is 12284 (base 10) in base 16?
2ffc
100105 (base 8) to base 11
22742
What is 4b25 (base 13) in base 8?
24666
Convert 10002 (base 4) to base 14.
146
What is -127 (base 15) in base 9?
-321
123 (base 8) to base 3
10002
Convert 10202212 (base 3) to base 8.
5276
-11212 (base 6) to base 3
-2011222
What is -23014 (base 5) in base 6?
-11322
11a6a (base 11) to base 3
212200012
Convert 1000100010001 (base 2) to base 11.
3312
Convert -47430 (base 10) to base 16.
-b946
Convert 103123 (base 7) to base 12.
a43a
-869 (base 10) to base 8
-1545
302 (base 9) to base 16
f5
Convert 14303 (base 9) to base 6.
113003
-3302110 (base 4) to base 7
-63133
What is -100211 (base 4) in base 7?
-3044
What is 30520 (base 6) in base 13?
1b1b
Convert -1802 (base 14) to base 3.
-12220210
23bb (base 14) to base 3
22120011
What is 9076 (base 10) in base 7?
35314
What is 100000000000000 (base 2) in base 7?
65524
Convert 66898 (base 10) to base 6.
1233414
What is -2c1 (base 14) in base 12?
-3a9
What is 11111000 (base 4) in base 14?
7d4c
Convert -266341 (base 7) to base 4.
-30101032
-2c6 (base 14) to base 9
-688
What is 1011001000111 (base 2) in base 15?
1a53
What is -a6 (base 13) in base 2?
-10001000
What is -848 (base 13) in base 3?
-1221022
1011000101010 (base 2) to base 6
42134
-970 (base 11) to base 12
-812
Convert -22040 (base 11) to base 9.
-47782
Convert -342 (base 11) to base 2.
-110011001
492 (base 11) to base 13
360
707 (base 12) to base 11
843
Convert -113222 (base 4) to base 16.
-5ea
Convert -121120 (base 3) to base 10.
-447
-110a5 (base 11) to base 8
-37327
What is 9632 (base 10) in base 3?
111012202
6723 (base 9) to base 15
170c
-301 (base 6) to base 7
-214
Convert -6e2 (base 16) to base 11.
-1362
1512 (base 8) to base 5
11332
Convert 43020 (base 5) to base 16.
b45
What is 2102312 (base 5) in base 3?
1202121110
Convert 2211000210 (base 3) to base 11.
38707
Convert -4d33 (base 15) to base 12.
-9649
-319 (base 12) to base 15
-203
What is -14304 (base 7) in base 4?
-331110
Convert -112310 (base 4) to base 12.
-a18
What is 97d8 (base 14) in base 16?
6692
Convert -162 (base 10) to base 13.
-c6
What is 1a95 (base 14) in base 9?
6562
1122100 (base 3) to base 14
617
11122 (base 3) to base 12
a5
2a447 (base 12) to base 3
10000110101
-8958 (base 13) to base 11
-13448
450 (base 7) to base 5
1411
-1010110100 (base 2) to base 6
-3112
-1309a (base 16) to base 5
-4443403
a71 (base 11) to base 15
5ad
What is -13026 (base 7) in base 2?
-110101111010
-201001 (base 7) to base 8
-102246
1113230 (base 4) to base 12
32b8
What is -226 (base 10) in base 5?
-1401
What is 7284 (base 10) in base 9?
10883
What is 153 (base 9) in base 15?
89
Convert -2365a (base 11) to base 15.
-a161
What is 2e0 (base 15) in base 6?
3020
Convert 3a51 (base 12) to base 13.
3073
-64a (base 13) to base 14
-56c
What is -3042 (base 8) in base 13?
-93a
Convert 4152 (base 14) to base 10.
11244
2003 (base 13) to base 8
10455
701 (base 8) to base 15
1ee
5173 (base 15) to base 4
10030320
Convert d44 (base 14) to base 3.
10120121
-17390 (base 10) to base 7
-101462
Convert 19504 (base 11) to base 10.
27229
Convert 560 (base 14) to base 5.
13224
What is 101 (base 7) in base 12?
42
What is 2ce9 (base 15) in base 4?
2113011
-121365 (base 8) to base 4
-22023311
87130 (base 9) to base 7
330135
23118 (base 9) to base 14
5887
What is -35356 (base 10) in base 14?
-cc56
What is 2462 (base 12) in base 11?
30a3
-3243 (base 7) to base 13
-6b1
What is 1505 (base 16) in base 6?
40525
Convert 112021122 (base 3) to base 13.
497c
What is 561 (base 10) in base 11?
470
What is -1112221201 (base 3) in base 12?
-15847
-1010011101 (base 2) to base 9
-823
Convert 717 (base 10) to base 15.
32c
-21122 (base 8) to base 16
-2252
-2122201021 (base 3) to base 5
-3133104
What is -10212 (base 5) in base 12?
-48a
Convert -1897 (base 14) to base 2.
-1000101011101
Convert 6b (base 13) to base 3.
10022
-120012220 (base 3) to base 15
-3449
What is -2655 (base 12) in base 3?
-20000102
What is -134052 (base 7) in base 13?
-b754
-11010011000011 (base 2) to base 6
-142311
What is -210121 (base 3) in base 11?
-490
1232 (base 5) to base 16
c0
Convert -2b (base 16) to base 4.
-223
Convert -db3 (base 15) to base 13.
-153c
Convert -220202 (base 3) to base 4.
-22130
Convert -2002122 (base 3) to base 7.
-4313
What is 387a (base 12) in base 7?
24514
What is -3b3b (base 12) in base 10?
-6815
What is -120403 (base 5) in base 6?
-32422
-26434 (base 7) to base 6
-52441
3d7 (base 14) to base 8
1411
4685 (base 13) to base 10
9911
-111111110000 (base 2) to base 16
-ff0
-10a (base 11) to base 2
-10000011
What is 217 (base 8) in base 16?
8f
Convert -3b03 (base 15) to base 3.
-122021210
Convert -2420 (base 7) to base 6.
-4052
-100010111110 (base 2) to base 11
-1755
130123 (base 4) to base 9
2441
Convert 4a58 (base 11) to base 13.
3006
6400 (base 10) to base 16
1900
What is 4123 (base 5) in base 9?
657
506 (base 10) to base 12
362
Convert 20020201 (base 3) to base 7.
16165
What is -1145 (base 11) in base 14?
-793
Convert -105a (base 13) to base 6.
-14304
Convert 39723 (base 10) to base 6.
503523
Convert -2222021 (base 3) to base 15.
-997
-3235 (base 15) to base 16
-2981
-1827 (base 9) to base 14
-722
-526 (base 12) to base 11
-622
What is 77213 (base 8) in base 13?
1198c
1132310 (base 4) to base 8
13664
What is -8398 (base 15) in base 16?
-6caa
5bd6 (base 16) to base 11
16733
Convert 311201 (base 5) to base 9.
14856
What is -3860 (base 9) in base 14?
-10a5
101000010100101 (base 2) to base 7
114122
Convert -ea4 (base 15) to base 12.
-1ab4
Convert -1161 (base 11) to base 9.
-2067
ad (base 16) to base 6
445
Convert -31611 (base 7) to base 6.
-100200
Convert -10212112112 (base 3) to base 11.
-52290
What is 11101110100 (base 2) in base 4?
131310
What is -143 (base 11) in base 15?
-b3
189a (base 13) to base 6
25004
27454 (base 9) to base 12
a91a
-26185 (base 9) to base 16
-44f6
Convert 209 (base 11) to base 15.
11b
Convert -205 (base 16) to base 12.
-371
474 (base 12) to base 15
2e4
What is 100011001110 (base 2) in base 7?
6400
-1122100021 (base 3) to base 2
-111111001000110
Convert -122121211 (base 3) to base 16.
-322f
Convert 36 (base 7) to base 4.
123
What is -181c8 (base 14) in base 8?
-166504
What is -31456 (base 8) in base 13?
-5c6b
-101100010010010 (base 2) to base 8
-54222
Convert 1